{"id":320,"date":"2012-07-22T09:57:30","date_gmt":"2012-07-22T09:57:30","guid":{"rendered":"http:\/\/musikzeit.at\/musikzeitneu\/?page_id=320"},"modified":"2013-04-24T20:15:23","modified_gmt":"2013-04-24T20:15:23","slug":"2009-08-josef-matthias-hauer-1883-1959","status":"publish","type":"page","link":"http:\/\/musikzeit.at\/musikzeitneu\/?page_id=320","title":{"rendered":"2009-08 Josef Matthias Hauer 1883\u20131959"},"content":{"rendered":"<p>ZEITtafel: Hauers Musik im Konnex und sein<br \/>\nDurchbruch zur Neuen Musik (IGNM Gr\u00fcndung 1922)<\/p>\n<p>\u201eDer goldene Schnitt\u201c (Theoretische Schrift III) 1926<br \/>\n(<em>Erstdruck von Josef Matthias Hauer<\/em>)<\/p>\n<p>Hauers \u201eDer Goldene Schnitt\u201c \u2013 eine Einordnung<br \/>\n(<em>Dominik Sedivy<\/em>)<\/p>\n<p>\u201aNachklang\u2018 \u2013<br \/>\nzu Josef Hauer \/ Johannes Itten \/ Adalbert Stifter<br \/>\n(<em>Joachim Diederichs<\/em>)<\/p>\n<p>\u201eDie Zw\u00f6lftonspiele f\u00fcr f\u00fcnf Violinen\u201c (1949-51) \u2013<br \/>\neine formanalytische Untersuchung und Deutung des Zw\u00f6lftonspiels<br \/>\n(<em>Hans Florey<\/em>)<\/p>\n<p>Portrait: Bernhard Lang<br \/>\n(<em>im Gespr\u00e4ch mit Daniel Ender<\/em>)<\/p>\n<p>etc. \u2026<\/p>\n","protected":false},"excerpt":{"rendered":"<p>ZEITtafel: Hauers Musik im Konnex und sein Durchbruch zur Neuen Musik (IGNM Gr\u00fcndung 1922) \u201eDer goldene Schnitt\u201c (Theoretische Schrift III) 1926 (Erstdruck von Josef Matthias Hauer) Hauers \u201eDer Goldene Schnitt\u201c \u2013 eine Einordnung (Dominik Sedivy) \u201aNachklang\u2018 \u2013 zu Josef Hauer &hellip; <a href=\"http:\/\/musikzeit.at\/musikzeitneu\/?page_id=320\">Weiterlesen <span class=\"meta-nav\">&rarr;<\/span><\/a><\/p>\n","protected":false},"author":1,"featured_media":0,"parent":31,"menu_order":0,"comment_status":"open","ping_status":"open","template":"","meta":{"_exactmetrics_skip_tracking":false,"_exactmetrics_sitenote_active":false,"_exactmetrics_sitenote_note":"","_exactmetrics_sitenote_category":0,"footnotes":""},"class_list":["post-320","page","type-page","status-publish","hentry"],"_links":{"self":[{"href":"http:\/\/musikzeit.at\/musikzeitneu\/index.php?rest_route=\/wp\/v2\/pages\/320","targetHints":{"allow":["GET"]}}],"collection":[{"href":"http:\/\/musikzeit.at\/musikzeitneu\/index.php?rest_route=\/wp\/v2\/pages"}],"about":[{"href":"http:\/\/musikzeit.at\/musikzeitneu\/index.php?rest_route=\/wp\/v2\/types\/page"}],"author":[{"embeddable":true,"href":"http:\/\/musikzeit.at\/musikzeitneu\/index.php?rest_route=\/wp\/v2\/users\/1"}],"replies":[{"embeddable":true,"href":"http:\/\/musikzeit.at\/musikzeitneu\/index.php?rest_route=%2Fwp%2Fv2%2Fcomments&post=320"}],"version-history":[{"count":6,"href":"http:\/\/musikzeit.at\/musikzeitneu\/index.php?rest_route=\/wp\/v2\/pages\/320\/revisions"}],"predecessor-version":[{"id":766,"href":"http:\/\/musikzeit.at\/musikzeitneu\/index.php?rest_route=\/wp\/v2\/pages\/320\/revisions\/766"}],"up":[{"embeddable":true,"href":"http:\/\/musikzeit.at\/musikzeitneu\/index.php?rest_route=\/wp\/v2\/pages\/31"}],"wp:attachment":[{"href":"http:\/\/musikzeit.at\/musikzeitneu\/index.php?rest_route=%2Fwp%2Fv2%2Fmedia&parent=320"}],"curies":[{"name":"wp","href":"https:\/\/api.w.org\/{rel}","templated":true}]}}