{"id":324,"date":"2012-07-22T09:58:37","date_gmt":"2012-07-22T09:58:37","guid":{"rendered":"http:\/\/musikzeit.at\/musikzeitneu\/?page_id=324"},"modified":"2013-04-24T20:10:30","modified_gmt":"2013-04-24T20:10:30","slug":"2009-11-bohislav-martinu-1890-1959","status":"publish","type":"page","link":"http:\/\/musikzeit.at\/musikzeitneu\/?page_id=324","title":{"rendered":"2009-11 Bohislav Martin\u016f (1890\u20131959)"},"content":{"rendered":"<p class=\"leerhalb\">\u201eKurze Autobiographie\u201c<br \/>\n(<em>Bohuslav Martin\u016f<\/em>)<\/p>\n<p>Heutiger Forschungsstand<br \/>\n(<em>Ales Brezina<\/em>)<\/p>\n<p>Rezeptionsgeschichte mit Legendenbildungen<br \/>\n(<em>Mikul\u00e1s Bek<\/em>)<\/p>\n<p>Rezeption der anglo-amerikanischen Musikwissenschaft<br \/>\n(<em>Tom\u00e1\u0161 D. Svato\u0161<\/em>)<\/p>\n<p>Martin\u016fs B\u00fchnenwerke:<br \/>\n&#8211; \u201eAriane\u201c \u00a0(<em>Gabriele Jont\u00e9<\/em>)<br \/>\n&#8211; \u201eSchwester Pascaline\u201c \u00a0(<em>Ji\u0159\u00ed Kopeck\u00fd<\/em>)<br \/>\n&#8211; \u201eJuliette\u201c \u00a0(<em>Lenka K\u0159upkov\u00e1<\/em>)<br \/>\n&#8211; \u201eGriechische Passion\u201c \/ \u201eJuliette\u201c in Bregenz<br \/>\n<dif>&#160; <\/dif>(<em>David Pountney, Alfred Wopmann<\/em> und <em>Ale\u0161 B\u0159ezina<\/em>)<\/p>\n<p>Martin\u016fs Instrumentalkompositionen:<br \/>\n&#8211; \u201eFantasie\u201c \u00a0(<em>Volker Ahmels<\/em>)<br \/>\n&#8211; Virtuos imitierende Musik \u00a0(<em>Jakob Knaus<\/em>)<br \/>\n&#8211; Martin\u016f unterrichtet Jan Nov\u00e1k \u00a0(<em>Martin Fla\u0161ar<\/em>)<br \/>\n&#8211; Zur entstehenden Martin\u016f-Edition<br \/>\n<dif>&#160; <\/dif>(<em>J. Gabrielov\u00e1, M. Srnka, M. Wittmann, I. Rentsch<\/em>)<\/p>\n<p>etc. \u2026<\/p>\n","protected":false},"excerpt":{"rendered":"<p>\u201eKurze Autobiographie\u201c (Bohuslav Martin\u016f) Heutiger Forschungsstand (Ales Brezina) Rezeptionsgeschichte mit Legendenbildungen (Mikul\u00e1s Bek) Rezeption der anglo-amerikanischen Musikwissenschaft (Tom\u00e1\u0161 D. Svato\u0161) Martin\u016fs B\u00fchnenwerke: &#8211; \u201eAriane\u201c \u00a0(Gabriele Jont\u00e9) &#8211; \u201eSchwester Pascaline\u201c \u00a0(Ji\u0159\u00ed Kopeck\u00fd) &#8211; \u201eJuliette\u201c \u00a0(Lenka K\u0159upkov\u00e1) &#8211; \u201eGriechische Passion\u201c \/ \u201eJuliette\u201c &hellip; <a href=\"http:\/\/musikzeit.at\/musikzeitneu\/?page_id=324\">Weiterlesen <span class=\"meta-nav\">&rarr;<\/span><\/a><\/p>\n","protected":false},"author":1,"featured_media":0,"parent":31,"menu_order":0,"comment_status":"open","ping_status":"open","template":"","meta":{"_exactmetrics_skip_tracking":false,"_exactmetrics_sitenote_active":false,"_exactmetrics_sitenote_note":"","_exactmetrics_sitenote_category":0,"footnotes":""},"class_list":["post-324","page","type-page","status-publish","hentry"],"_links":{"self":[{"href":"http:\/\/musikzeit.at\/musikzeitneu\/index.php?rest_route=\/wp\/v2\/pages\/324","targetHints":{"allow":["GET"]}}],"collection":[{"href":"http:\/\/musikzeit.at\/musikzeitneu\/index.php?rest_route=\/wp\/v2\/pages"}],"about":[{"href":"http:\/\/musikzeit.at\/musikzeitneu\/index.php?rest_route=\/wp\/v2\/types\/page"}],"author":[{"embeddable":true,"href":"http:\/\/musikzeit.at\/musikzeitneu\/index.php?rest_route=\/wp\/v2\/users\/1"}],"replies":[{"embeddable":true,"href":"http:\/\/musikzeit.at\/musikzeitneu\/index.php?rest_route=%2Fwp%2Fv2%2Fcomments&post=324"}],"version-history":[{"count":21,"href":"http:\/\/musikzeit.at\/musikzeitneu\/index.php?rest_route=\/wp\/v2\/pages\/324\/revisions"}],"predecessor-version":[{"id":770,"href":"http:\/\/musikzeit.at\/musikzeitneu\/index.php?rest_route=\/wp\/v2\/pages\/324\/revisions\/770"}],"up":[{"embeddable":true,"href":"http:\/\/musikzeit.at\/musikzeitneu\/index.php?rest_route=\/wp\/v2\/pages\/31"}],"wp:attachment":[{"href":"http:\/\/musikzeit.at\/musikzeitneu\/index.php?rest_route=%2Fwp%2Fv2%2Fmedia&parent=324"}],"curies":[{"name":"wp","href":"https:\/\/api.w.org\/{rel}","templated":true}]}}