{"id":3607,"date":"2015-06-07T17:23:47","date_gmt":"2015-06-07T17:23:47","guid":{"rendered":"http:\/\/musikzeit.at\/musikzeitneu\/?page_id=3607"},"modified":"2018-08-14T08:47:52","modified_gmt":"2018-08-14T08:47:52","slug":"der-junge-webern-3","status":"publish","type":"page","link":"http:\/\/musikzeit.at\/musikzeitneu\/?page_id=3607","title":{"rendered":"Der junge Webern"},"content":{"rendered":"<p><a href=\"http:\/\/musikzeit.at\/musikzeitneu\/wp-content\/uploads\/2015\/06\/2a_cv.png\"><img loading=\"lazy\" decoding=\"async\" class=\"alignnone size-medium wp-image-3589\" src=\"http:\/\/musikzeit.at\/musikzeitneu\/wp-content\/uploads\/2015\/06\/2a_cv-208x300.png\" alt=\"Der junge Webern: K\u00fcnstlerische Orientierungen in Wien nach 1900\" width=\"208\" height=\"300\" srcset=\"http:\/\/musikzeit.at\/musikzeitneu\/wp-content\/uploads\/2015\/06\/2a_cv-208x300.png 208w, http:\/\/musikzeit.at\/musikzeitneu\/wp-content\/uploads\/2015\/06\/2a_cv.png 222w\" sizes=\"auto, (max-width: 208px) 100vw, 208px\" \/><\/a>\u00a0 \u00a0 \u00a0 \u00a0 \u00a0\u00a0 <a href=\"http:\/\/musikzeit.at\/musikzeitneu\/wp-content\/uploads\/2015\/06\/Oppenheimer_Webern.jpg\"><img loading=\"lazy\" decoding=\"async\" class=\"alignnone size-medium wp-image-3590\" src=\"http:\/\/musikzeit.at\/musikzeitneu\/wp-content\/uploads\/2015\/06\/Oppenheimer_Webern-258x300.jpg\" alt=\"Der junge Webern: K\u00fcnstlerische Orientierungen in Wien nach 1900\" width=\"258\" height=\"300\" srcset=\"http:\/\/musikzeit.at\/musikzeitneu\/wp-content\/uploads\/2015\/06\/Oppenheimer_Webern-258x300.jpg 258w, http:\/\/musikzeit.at\/musikzeitneu\/wp-content\/uploads\/2015\/06\/Oppenheimer_Webern-881x1024.jpg 881w, http:\/\/musikzeit.at\/musikzeitneu\/wp-content\/uploads\/2015\/06\/Oppenheimer_Webern.jpg 1068w\" sizes=\"auto, (max-width: 258px) 100vw, 258px\" \/><\/a><\/p>\n<p>\u201eDer junge Webern \u2013<br \/>\nK\u00fcnstlerische Orientierungen<br \/>\nin Wien nach 1900\u201c<br \/>\n(Hg.) Monika Kr\u00f6pfl, Simon Obert<\/p>\n<ol style=\"list-style-type: upper-roman;\">\n<li>Monika Kr\u00f6pfl \/ Simon Obert: \u201eNur der Kunst\u201c<br \/>\nEine Standortbestimmung des jungen Webern<\/li>\n<li>Barbara Boisits: Ort des k\u00fcnstlerischen Austauschs,<br \/>\nAnton Webern und die Kaffeehauskultur<\/li>\n<li>Cornelia Szab\u00f3-Knotik: Eugenie Schwarzwald<br \/>\nim Wiener Musikleben \u2013 Begegnungen, Gemeinsamkeiten<\/li>\n<li>Stefan Schmidl: Zwischen Ordination und Naturrausch<br \/>\nEine Skizze zu Anton Webern und den R\u00e4umen der Jahrhundertwende<\/li>\n<li>Bernadette Reinhold: Kokoschka und der \u201aandere\u2018 Blick auf Webern<\/li>\n<li>Gernot Gruber: Webern und die Suche der Wiener Moderne<br \/>\nnach dem \u201aArchaischen\u2018 in der Musik<\/li>\n<li>Erich Wolfgang Partsch: Extreme der Dimension? Mahler und Webern<\/li>\n<li>Konstanze Fliedl: \u201aEs ist nicht der schlechteste Beruf \u2026\u2018<br \/>\nZu Arthur Schnitzlers K\u00fcnstlerbild<\/li>\n<\/ol>\n<p>Band 2a \/Webern-Studien<br \/>\n128 Seiten, Notenbeispiele, Farbbilder<br \/>\n2015, 24&#215;16,7cm, 350gr, engl. Broschur<br \/>\n\u20ac 28<br \/>\nISBN 978-3-85151-082-9<\/p>\n<p><a title=\"Bestellung\" href=\"http:\/\/musikzeit.at\/musikzeitneu\/?page_id=484\" target=\"_blank\" rel=\"noopener\"><img loading=\"lazy\" decoding=\"async\" title=\"bestellen\" src=\"http:\/\/musikzeit.at\/musikzeitneu\/wp-content\/uploads\/2012\/10\/bestellen.png\" alt=\"\" width=\"147\" height=\"23\" \/><\/a><\/p>\n<p><a title=\"service: W-S 2a\" href=\"http:\/\/musikzeit.at\/musikzeitneu\/wp-content\/uploads\/2018\/08\/inhalt_2a.pdf\" target=\"_blank\" rel=\"noopener\"><span style=\"color: #993366;\">I<\/span><span style=\"color: #993366;\">nhalt \/als download<\/span><\/a><\/p>\n<p><a title=\"Konzept W-S 2a\" href=\"http:\/\/musikzeit.at\/musikzeitneu\/wp-content\/uploads\/2016\/01\/2a-vorwort.pdf\" target=\"_blank\" rel=\"noopener\"><span style=\"color: #993366;\">Vorwort lesen<\/span><\/a><\/p>\n<p>&nbsp;<\/p>\n<p>1901 bekannte der 17-j\u00e4hrige Anton Webern, dass er \u201enur der Kunst\u201c leben wolle. Dieses Ziel wurde eine der wenigen Konstanten auf Weberns Weg, der an Br\u00fcchen, Verworrenheiten und Schwierigkeiten nicht arm war. Der Band zeichnet das Bild einer vielf\u00e4ltigen Kultur, in der Webern sich zu orientieren hatte, und setzt so die Person in direkten Bezug zu ihrem Umfeld \u2013 um angesichts der \u00fcberschaubaren Quellenlage den wei\u00dfen Flecken auf der Karte des jungen Anton Weberns einige eingef\u00e4rbte Gebiete hinzu zu gewinnen.<br \/>\nDie Texte er\u00f6rtern das Thema in \u00e4sthetischer,\u00a0urbaner und personeller Hinsicht.<\/p>\n<p>&nbsp;<\/p>\n<p><span style=\"color: #888888;\">\u201eW\u00e4hrend es in Wien um den kulturellen Kontext ging, galt das Interesse in Basel den einzelnen Werken und Quellen Weberns. Die d\u00fcrftige Quellenlage der Jahre bis 1910 f\u00fchrt leicht zu einer \u00dcberbewertung der vorhandenen Informationen. Darum hat die Darstellung von Tangenten zu Webern im Sinne von \u00bbPotenzialen k\u00fcnstlerischer Orientierung\u00ab hier einen Kontrapunkt im Sinn.\u201c<br \/>\n(Andreas Vejvar \/Musik &amp; \u00c4sthetik)<\/span><\/p>\n<p><span style=\"color: #888888;\">\u201eFor the reader, it is fascinating to learn about the environment in which Webern moved while young. This gives the few biographical details we do know about Webern\u2019s life a richness that should not be underestimated.\u201c<br \/>\n(Elmar Budde \/MUSAU)<\/span><\/p>\n<p><span style=\"color: #888888;\">\u201eIt is exemplary how all of the contributions make it clear that comparing Webern\u2019s early work to later compositions based on his own opus numbers is less important than understanding the compositions in their individual settings. [\u2026] Webern\u2019s three diaries, published here for the first time, are of particular importance with regard to Webern\u2019s early works and are referred to in several chapters.\u201c<br \/>\n(Elmar Budde \/MUSAU)<\/span><\/p>\n","protected":false},"excerpt":{"rendered":"<p>\u00a0 \u00a0 \u00a0 \u00a0 \u00a0\u00a0 \u201eDer junge Webern \u2013 K\u00fcnstlerische Orientierungen in Wien nach 1900\u201c (Hg.) Monika Kr\u00f6pfl, Simon Obert Monika Kr\u00f6pfl \/ Simon Obert: \u201eNur der Kunst\u201c Eine Standortbestimmung des jungen Webern Barbara Boisits: Ort des k\u00fcnstlerischen Austauschs, Anton &hellip; <a href=\"http:\/\/musikzeit.at\/musikzeitneu\/?page_id=3607\">Weiterlesen <span class=\"meta-nav\">&rarr;<\/span><\/a><\/p>\n","protected":false},"author":1,"featured_media":0,"parent":16,"menu_order":0,"comment_status":"closed","ping_status":"open","template":"","meta":{"_exactmetrics_skip_tracking":false,"_exactmetrics_sitenote_active":false,"_exactmetrics_sitenote_note":"","_exactmetrics_sitenote_category":0,"footnotes":""},"class_list":["post-3607","page","type-page","status-publish","hentry"],"_links":{"self":[{"href":"http:\/\/musikzeit.at\/musikzeitneu\/index.php?rest_route=\/wp\/v2\/pages\/3607","targetHints":{"allow":["GET"]}}],"collection":[{"href":"http:\/\/musikzeit.at\/musikzeitneu\/index.php?rest_route=\/wp\/v2\/pages"}],"about":[{"href":"http:\/\/musikzeit.at\/musikzeitneu\/index.php?rest_route=\/wp\/v2\/types\/page"}],"author":[{"embeddable":true,"href":"http:\/\/musikzeit.at\/musikzeitneu\/index.php?rest_route=\/wp\/v2\/users\/1"}],"replies":[{"embeddable":true,"href":"http:\/\/musikzeit.at\/musikzeitneu\/index.php?rest_route=%2Fwp%2Fv2%2Fcomments&post=3607"}],"version-history":[{"count":14,"href":"http:\/\/musikzeit.at\/musikzeitneu\/index.php?rest_route=\/wp\/v2\/pages\/3607\/revisions"}],"predecessor-version":[{"id":4291,"href":"http:\/\/musikzeit.at\/musikzeitneu\/index.php?rest_route=\/wp\/v2\/pages\/3607\/revisions\/4291"}],"up":[{"embeddable":true,"href":"http:\/\/musikzeit.at\/musikzeitneu\/index.php?rest_route=\/wp\/v2\/pages\/16"}],"wp:attachment":[{"href":"http:\/\/musikzeit.at\/musikzeitneu\/index.php?rest_route=%2Fwp%2Fv2%2Fmedia&parent=3607"}],"curies":[{"name":"wp","href":"https:\/\/api.w.org\/{rel}","templated":true}]}}

<p><a href="http://musikzeit.at/musikzeitneu/wp-content/uploads/2015/06/2a_cv.png"><img loading="lazy" decoding="async" class="alignnone size-medium wp-image-3589" src="http://musikzeit.at/musikzeitneu/wp-content/uploads/2015/06/2a_cv-208x300.png" alt="Der junge Webern: Künstlerische Orientierungen in Wien nach 1900" width="208" height="300" srcset="http://musikzeit.at/musikzeitneu/wp-content/uploads/2015/06/2a_cv-208x300.png 208w, http://musikzeit.at/musikzeitneu/wp-content/uploads/2015/06/2a_cv.png 222w" sizes="auto, (max-width: 208px) 100vw, 208px" /></a>           <a href="http://musikzeit.at/musikzeitneu/wp-content/uploads/2015/06/Oppenheimer_Webern.jpg"><img loading="lazy" decoding="async" class="alignnone size-medium wp-image-3590" src="http://musikzeit.at/musikzeitneu/wp-content/uploads/2015/06/Oppenheimer_Webern-258x300.jpg" alt="Der junge Webern: Künstlerische Orientierungen in Wien nach 1900" width="258" height="300" srcset="http://musikzeit.at/musikzeitneu/wp-content/uploads/2015/06/Oppenheimer_Webern-258x300.jpg 258w, http://musikzeit.at/musikzeitneu/wp-content/uploads/2015/06/Oppenheimer_Webern-881x1024.jpg 881w, http://musikzeit.at/musikzeitneu/wp-content/uploads/2015/06/Oppenheimer_Webern.jpg 1068w" sizes="auto, (max-width: 258px) 100vw, 258px" /></a></p>
<p>„Der junge Webern –<br />
Künstlerische Orientierungen<br />
in Wien nach 1900“<br />
(Hg.) Monika Kröpfl, Simon Obert</p>
<ol style="list-style-type: upper-roman;">
<li>Monika Kröpfl / Simon Obert: „Nur der Kunst“<br />
Eine Standortbestimmung des jungen Webern</li>
<li>Barbara Boisits: Ort des künstlerischen Austauschs,<br />
Anton Webern und die Kaffeehauskultur</li>
<li>Cornelia Szabó-Knotik: Eugenie Schwarzwald<br />
im Wiener Musikleben – Begegnungen, Gemeinsamkeiten</li>
<li>Stefan Schmidl: Zwischen Ordination und Naturrausch<br />
Eine Skizze zu Anton Webern und den Räumen der Jahrhundertwende</li>
<li>Bernadette Reinhold: Kokoschka und der ‚andere‘ Blick auf Webern</li>
<li>Gernot Gruber: Webern und die Suche der Wiener Moderne<br />
nach dem ‚Archaischen‘ in der Musik</li>
<li>Erich Wolfgang Partsch: Extreme der Dimension? Mahler und Webern</li>
<li>Konstanze Fliedl: ‚Es ist nicht der schlechteste Beruf …‘<br />
Zu Arthur Schnitzlers Künstlerbild</li>
</ol>
<p>Band 2a /Webern-Studien<br />
128 Seiten, Notenbeispiele, Farbbilder<br />
2015, 24&#215;16,7cm, 350gr, engl. Broschur<br />
€ 28<br />
ISBN 978-3-85151-082-9</p>
<p><a title="Bestellung" href="http://musikzeit.at/musikzeitneu/?page_id=484" target="_blank" rel="noopener"><img loading="lazy" decoding="async" title="bestellen" src="http://musikzeit.at/musikzeitneu/wp-content/uploads/2012/10/bestellen.png" alt="" width="147" height="23" /></a></p>
<p><a title="service: W-S 2a" href="http://musikzeit.at/musikzeitneu/wp-content/uploads/2018/08/inhalt_2a.pdf" target="_blank" rel="noopener"><span style="color: #993366;">I</span><span style="color: #993366;">nhalt /als download</span></a></p>
<p><a title="Konzept W-S 2a" href="http://musikzeit.at/musikzeitneu/wp-content/uploads/2016/01/2a-vorwort.pdf" target="_blank" rel="noopener"><span style="color: #993366;">Vorwort lesen</span></a></p>
<p>&nbsp;</p>
<p>1901 bekannte der 17-jährige Anton Webern, dass er „nur der Kunst“ leben wolle. Dieses Ziel wurde eine der wenigen Konstanten auf Weberns Weg, der an Brüchen, Verworrenheiten und Schwierigkeiten nicht arm war. Der Band zeichnet das Bild einer vielfältigen Kultur, in der Webern sich zu orientieren hatte, und setzt so die Person in direkten Bezug zu ihrem Umfeld – um angesichts der überschaubaren Quellenlage den weißen Flecken auf der Karte des jungen Anton Weberns einige eingefärbte Gebiete hinzu zu gewinnen.<br />
Die Texte erörtern das Thema in ästhetischer, urbaner und personeller Hinsicht.</p>
<p>&nbsp;</p>
<p><span style="color: #888888;">„Während es in Wien um den kulturellen Kontext ging, galt das Interesse in Basel den einzelnen Werken und Quellen Weberns. Die dürftige Quellenlage der Jahre bis 1910 führt leicht zu einer Überbewertung der vorhandenen Informationen. Darum hat die Darstellung von Tangenten zu Webern im Sinne von »Potenzialen künstlerischer Orientierung« hier einen Kontrapunkt im Sinn.“<br />
(Andreas Vejvar /Musik &amp; Ästhetik)</span></p>
<p><span style="color: #888888;">„For the reader, it is fascinating to learn about the environment in which Webern moved while young. This gives the few biographical details we do know about Webern’s life a richness that should not be underestimated.“<br />
(Elmar Budde /MUSAU)</span></p>
<p><span style="color: #888888;">„It is exemplary how all of the contributions make it clear that comparing Webern’s early work to later compositions based on his own opus numbers is less important than understanding the compositions in their individual settings. […] Webern’s three diaries, published here for the first time, are of particular importance with regard to Webern’s early works and are referred to in several chapters.“<br />
(Elmar Budde /MUSAU)</span></p>

<p>           „Der junge Webern – Künstlerische Orientierungen in Wien nach 1900“ (Hg.) Monika Kröpfl, Simon Obert Monika Kröpfl / Simon Obert: „Nur der Kunst“ Eine Standortbestimmung des jungen Webern Barbara Boisits: Ort des künstlerischen Austauschs, Anton &hellip; <a href="http://musikzeit.at/musikzeitneu/?page_id=3607">Weiterlesen <span class="meta-nav">&rarr;</span></a></p>
